{"id":36,"date":"2017-11-30T00:00:00","date_gmt":"2017-11-29T23:00:00","guid":{"rendered":"https:\/\/bbw.aftt.be\/?page_id=36"},"modified":"2026-08-27T10:45:37","modified_gmt":"2026-08-27T09:45:37","slug":"reglements","status":"publish","type":"page","link":"https:\/\/bbw.aftt.be\/index.php\/secretariat\/provincial\/reglements\/","title":{"rendered":"R\u00e8glements"},"content":{"rendered":"<h2>ITTF<\/h2>\n<p>Les lois du tennis de table (en cours de r\u00e9vision en FR)<\/p>\n<h2>F.R.B.T.T.<\/h2>\n<p><a href=\"https:\/\/www.frbtt.be\/wp-content\/uploads\/2025\/06\/Reglements-Sportifs-Nationaux-01072025.pdf\" target=\"_blank\" rel=\"noopener\" aria-label=\"R\u00e8glements Sportifs Nationaux 01 07 2025 \u2014 PDF\">R\u00e8glements Sportifs Nationaux 01 07 2025 <span class=\"cp-file-meta\">PDF<\/span><\/a><\/p>\n<p><a href=\"http:\/\/www.frbtt.be\/wp-content\/uploads\/2018\/08\/ROI-_FRBTT_2018-ao\u00fbt.pdf\" target=\"_blank\" rel=\"noopener noreferrer\" aria-label=\"R\u00e8glement d&rsquo;Ordre Int\u00e9rieur &#8211; Edition 2018 \u2014 PDF\">R\u00e8glement d&rsquo;Ordre Int\u00e9rieur &#8211; Edition 2018 <span class=\"cp-file-meta\">PDF<\/span><\/a><\/p>\n<p><a href=\"https:\/\/bbw.aftt.be\/wp-content\/uploads\/2018\/05\/ROI-FRBTT-2018.pdf\" target=\"_blank\" rel=\"noopener noreferrer\" aria-label=\"Statuts FRBTT 2018 \u2014 PDF \u00b7 173,5 Ko\">Statuts FRBTT 2018 <span class=\"cp-file-meta\">PDF \u00b7 173,5 Ko<\/span><\/a><\/p>\n<p><a href=\"https:\/\/bbw.aftt.be\/wp-content\/uploads\/2016\/10\/CRIP2015.pdf\" target=\"_blank\" rel=\"noopener noreferrer\" aria-label=\"Particularit\u00e9s li\u00e9es aux joueurs en chaise &#8211; 2015 \u2014 PDF \u00b7 256,9 Ko\">Particularit\u00e9s li\u00e9es aux joueurs en chaise &#8211; 2015 <span class=\"cp-file-meta\">PDF \u00b7 256,9 Ko<\/span><\/a><\/p>\n<h2>Aile Francophone<\/h2>\n<p><a href=\"https:\/\/bbw.aftt.be\/wp-content\/uploads\/2026\/03\/ROI-AFTT-Partie-Sportive-version-AG-AFTT-24032026.pdf\" target=\"_blank\" rel=\"noopener\" aria-label=\"R.O.I &#8211; Partie Sportive &#8211; 2026 \u2014 PDF \u00b7 437,9 Ko\">R.O.I &#8211; Partie Sportive &#8211; 2026 <span class=\"cp-file-meta\">PDF \u00b7 437,9 Ko<\/span><\/a><\/p>\n<p><a href=\"https:\/\/bbw.aftt.be\/wp-content\/uploads\/2026\/03\/ROI-AFTT-Partie-Administrative-version-AG-AFTT-20260324.pdf\" target=\"_blank\" rel=\"noopener\" aria-label=\"R.O.I &#8211; Partie Administrative &#8211; 2026 \u2014 PDF \u00b7 495,0 Ko\">R.O.I &#8211; Partie Administrative &#8211; 2026 <span class=\"cp-file-meta\">PDF \u00b7 495,0 Ko<\/span><\/a><\/p>\n<p><a href=\"https:\/\/bbw.aftt.be\/wp-content\/uploads\/2026\/03\/STATUTS-AFTT-version-AG-AFTT-24032026.pdf\" target=\"_blank\" rel=\"noopener\" aria-label=\"Statuts &#8211; 2026 \u2014 PDF \u00b7 342,9 Ko\">Statuts &#8211; 2026 <span class=\"cp-file-meta\">PDF \u00b7 342,9 Ko<\/span><\/a><\/p>\n<p><a href=\"https:\/\/bbw.aftt.be\/wp-content\/uploads\/2026\/03\/Reglement-Disciplinaire-AFFTT-version-AG-24032026.pdf\" target=\"_blank\" rel=\"noopener\" aria-label=\"R\u00e8glement disciplinaire &#8211; 2026 \u2014 PDF \u00b7 437,4 Ko\">R\u00e8glement disciplinaire &#8211; 2026 <span class=\"cp-file-meta\">PDF \u00b7 437,4 Ko<\/span><\/a><\/p>\n<h2>Comit\u00e9 Provincial Bruxelles \u2013 Brabant Wallon<\/h2>\n<p><a href=\"https:\/\/bbw.aftt.be\/wp-content\/uploads\/2026\/07\/ROI-provincial-2026-2027.pdf\" target=\"_blank\" rel=\"noopener\" aria-label=\"ROI provincial 2026-2027 \u2014 PDF \u00b7 350,9 Ko\">ROI provincial 2026-2027 <span class=\"cp-file-meta\">PDF \u00b7 350,9 Ko<\/span><\/a><\/p>\n<p><a href=\"https:\/\/bbw.aftt.be\/wp-content\/uploads\/2026\/07\/Addendum-provincial-2026-2027.pdf\" target=\"_blank\" rel=\"noopener\" aria-label=\"Addendum provincial 2026-2027 \u2014 PDF \u00b7 135,9 Ko\">Addendum provincial 2026-2027 <span class=\"cp-file-meta\">PDF \u00b7 135,9 Ko<\/span><\/a><\/p>\n<p><a href=\"https:\/\/bbw.aftt.be\/wp-content\/uploads\/2020\/09\/RC3A8glement-Division-5-Jeunes.pdf\" target=\"_blank\" rel=\"noopener noreferrer\" aria-label=\"R\u00e8glement-Division-5-Jeunes \u2014 PDF \u00b7 95,4 Ko\">R\u00e8glement-Division-5-Jeunes <span class=\"cp-file-meta\">PDF \u00b7 95,4 Ko<\/span><\/a><\/p>\n<p><a href=\"https:\/\/bbw.aftt.be\/wp-content\/uploads\/2026\/07\/Dames-Explications-mesures_2627-2.pdf\" target=\"_blank\" rel=\"noopener\" aria-label=\"Dames: Dames &#8211; Explications mesures \u2014 PDF \u00b7 222,4 Ko\">Dames: Dames &#8211; Explications mesures <span class=\"cp-file-meta\">PDF \u00b7 222,4 Ko<\/span><\/a><\/p>\n<p>01\/10\/2014 : Rappel relatif \u00e0 la tenue du joueur et \u00e0 son mat\u00e9riel: les bermudas folkloriques sont interdits, un short de sport est seul autoris\u00e9.\u00a0Le rev\u00eatement de la palette doit s\u2019\u00e9tendre jusqu\u2019aux\u00a0bords de la palette, sans les d\u00e9passer.<\/p>\n\n\n\n","protected":false},"excerpt":{"rendered":"<p>Consultez et t\u00e9l\u00e9chargez les r\u00e8glements nationaux, francophones et provinciaux applicables aux comp\u00e9titions de tennis de table.<\/p>\n","protected":false},"author":1,"featured_media":0,"parent":8762,"menu_order":0,"comment_status":"closed","ping_status":"closed","template":"","meta":{"footnotes":""},"_links":{"self":[{"href":"https:\/\/bbw.aftt.be\/index.php\/wp-json\/wp\/v2\/pages\/36"}],"collection":[{"href":"https:\/\/bbw.aftt.be\/index.php\/wp-json\/wp\/v2\/pages"}],"about":[{"href":"https:\/\/bbw.aftt.be\/index.php\/wp-json\/wp\/v2\/types\/page"}],"author":[{"embeddable":true,"href":"https:\/\/bbw.aftt.be\/index.php\/wp-json\/wp\/v2\/users\/1"}],"replies":[{"embeddable":true,"href":"https:\/\/bbw.aftt.be\/index.php\/wp-json\/wp\/v2\/comments?post=36"}],"version-history":[{"count":136,"href":"https:\/\/bbw.aftt.be\/index.php\/wp-json\/wp\/v2\/pages\/36\/revisions"}],"predecessor-version":[{"id":17606,"href":"https:\/\/bbw.aftt.be\/index.php\/wp-json\/wp\/v2\/pages\/36\/revisions\/17606"}],"up":[{"embeddable":true,"href":"https:\/\/bbw.aftt.be\/index.php\/wp-json\/wp\/v2\/pages\/8762"}],"wp:attachment":[{"href":"https:\/\/bbw.aftt.be\/index.php\/wp-json\/wp\/v2\/media?parent=36"}],"curies":[{"name":"wp","href":"https:\/\/api.w.org\/{rel}","templated":true}]}}

Règlements

<h2>ITTF</h2>
<p>Les lois du tennis de table (en cours de révision en FR)</p>
<h2>F.R.B.T.T.</h2>
<p><a href="https://www.frbtt.be/wp-content/uploads/2025/06/Reglements-Sportifs-Nationaux-01072025.pdf" target="_blank" rel="noopener" aria-label="Règlements Sportifs Nationaux 01 07 2025 — PDF">Règlements Sportifs Nationaux 01 07 2025 <span class="cp-file-meta">PDF</span></a></p>
<p><a href="http://www.frbtt.be/wp-content/uploads/2018/08/ROI-_FRBTT_2018-août.pdf" target="_blank" rel="noopener noreferrer" aria-label="Règlement d&rsquo;Ordre Intérieur &#8211; Edition 2018 — PDF">Règlement d&rsquo;Ordre Intérieur &#8211; Edition 2018 <span class="cp-file-meta">PDF</span></a></p>
<p><a href="https://bbw.aftt.be/wp-content/uploads/2018/05/ROI-FRBTT-2018.pdf" target="_blank" rel="noopener noreferrer" aria-label="Statuts FRBTT 2018 — PDF · 173,5 Ko">Statuts FRBTT 2018 <span class="cp-file-meta">PDF · 173,5 Ko</span></a></p>
<p><a href="https://bbw.aftt.be/wp-content/uploads/2016/10/CRIP2015.pdf" target="_blank" rel="noopener noreferrer" aria-label="Particularités liées aux joueurs en chaise &#8211; 2015 — PDF · 256,9 Ko">Particularités liées aux joueurs en chaise &#8211; 2015 <span class="cp-file-meta">PDF · 256,9 Ko</span></a></p>
<h2>Aile Francophone</h2>
<p><a href="https://bbw.aftt.be/wp-content/uploads/2026/03/ROI-AFTT-Partie-Sportive-version-AG-AFTT-24032026.pdf" target="_blank" rel="noopener" aria-label="R.O.I &#8211; Partie Sportive &#8211; 2026 — PDF · 437,9 Ko">R.O.I &#8211; Partie Sportive &#8211; 2026 <span class="cp-file-meta">PDF · 437,9 Ko</span></a></p>
<p><a href="https://bbw.aftt.be/wp-content/uploads/2026/03/ROI-AFTT-Partie-Administrative-version-AG-AFTT-20260324.pdf" target="_blank" rel="noopener" aria-label="R.O.I &#8211; Partie Administrative &#8211; 2026 — PDF · 495,0 Ko">R.O.I &#8211; Partie Administrative &#8211; 2026 <span class="cp-file-meta">PDF · 495,0 Ko</span></a></p>
<p><a href="https://bbw.aftt.be/wp-content/uploads/2026/03/STATUTS-AFTT-version-AG-AFTT-24032026.pdf" target="_blank" rel="noopener" aria-label="Statuts &#8211; 2026 — PDF · 342,9 Ko">Statuts &#8211; 2026 <span class="cp-file-meta">PDF · 342,9 Ko</span></a></p>
<p><a href="https://bbw.aftt.be/wp-content/uploads/2026/03/Reglement-Disciplinaire-AFFTT-version-AG-24032026.pdf" target="_blank" rel="noopener" aria-label="Règlement disciplinaire &#8211; 2026 — PDF · 437,4 Ko">Règlement disciplinaire &#8211; 2026 <span class="cp-file-meta">PDF · 437,4 Ko</span></a></p>
<h2>Comité Provincial Bruxelles – Brabant Wallon</h2>
<p><a href="https://bbw.aftt.be/wp-content/uploads/2026/07/ROI-provincial-2026-2027.pdf" target="_blank" rel="noopener" aria-label="ROI provincial 2026-2027 — PDF · 350,9 Ko">ROI provincial 2026-2027 <span class="cp-file-meta">PDF · 350,9 Ko</span></a></p>
<p><a href="https://bbw.aftt.be/wp-content/uploads/2026/07/Addendum-provincial-2026-2027.pdf" target="_blank" rel="noopener" aria-label="Addendum provincial 2026-2027 — PDF · 135,9 Ko">Addendum provincial 2026-2027 <span class="cp-file-meta">PDF · 135,9 Ko</span></a></p>
<p><a href="https://bbw.aftt.be/wp-content/uploads/2020/09/RC3A8glement-Division-5-Jeunes.pdf" target="_blank" rel="noopener noreferrer" aria-label="Règlement-Division-5-Jeunes — PDF · 95,4 Ko">Règlement-Division-5-Jeunes <span class="cp-file-meta">PDF · 95,4 Ko</span></a></p>
<p><a href="https://bbw.aftt.be/wp-content/uploads/2026/07/Dames-Explications-mesures_2627-2.pdf" target="_blank" rel="noopener" aria-label="Dames: Dames &#8211; Explications mesures — PDF · 222,4 Ko">Dames: Dames &#8211; Explications mesures <span class="cp-file-meta">PDF · 222,4 Ko</span></a></p>
<p>01/10/2014 : Rappel relatif à la tenue du joueur et à son matériel: les bermudas folkloriques sont interdits, un short de sport est seul autorisé. Le revêtement de la palette doit s’étendre jusqu’aux bords de la palette, sans les dépasser.</p>

<p>Consultez et téléchargez les règlements nationaux, francophones et provinciaux applicables aux compétitions de tennis de table.</p>
