{"id":36,"date":"2017-11-30T00:00:00","date_gmt":"2017-11-29T23:00:00","guid":{"rendered":"https:\/\/bbw.aftt.be\/?page_id=36"},"modified":"2026-03-30T17:17:21","modified_gmt":"2026-03-30T16:17:21","slug":"reglements","status":"publish","type":"page","link":"https:\/\/bbw.aftt.be\/index.php\/secretariat\/provincial\/reglements\/","title":{"rendered":"R\u00e9glements"},"content":{"rendered":"<h2>ITTF<\/h2>\n<p>Les lois du tennis de table (en cours de r\u00e9vision en FR)<\/p>\n<h2>F.R.B.T.T.<\/h2>\n<p><a href=\"https:\/\/www.frbtt.be\/wp-content\/uploads\/2025\/06\/Reglements-Sportifs-Nationaux-01072025.pdf\" target=\"_blank\" rel=\"noopener\">R\u00e8glements Sportifs Nationaux 01 07 2025<\/a><\/p>\n<p><a href=\"http:\/\/www.frbtt.be\/wp-content\/uploads\/2018\/08\/ROI-_FRBTT_2018-ao\u00fbt.pdf\" target=\"_blank\" rel=\"noopener noreferrer\">R\u00e8glement d&rsquo;Ordre Int\u00e9rieur &#8211; Edition 2018<\/a><\/p>\n<p><a href=\"https:\/\/bbw.aftt.be\/wp-content\/uploads\/2018\/05\/ROI-FRBTT-2018.pdf\" target=\"_blank\" rel=\"noopener noreferrer\">Statuts FRBTT 2018<\/a><\/p>\n<p><a href=\"https:\/\/bbw.aftt.be\/wp-content\/uploads\/2016\/10\/CRIP2015.pdf\" target=\"_blank\" rel=\"noopener noreferrer\">Particularit\u00e9s li\u00e9es aux joueurs en chaise &#8211; 2015<\/a><\/p>\n<h2>Aile Francophone<\/h2>\n<p><a href=\"https:\/\/bbw.aftt.be\/wp-content\/uploads\/2026\/03\/ROI-AFTT-Partie-Sportive-version-AG-AFTT-24032026.pdf\" target=\"_blank\" rel=\"noopener\">R.O.I &#8211; Partie Sportive &#8211; 2026<\/a><\/p>\n<p><a href=\"https:\/\/bbw.aftt.be\/wp-content\/uploads\/2026\/03\/ROI-AFTT-Partie-Administrative-version-AG-AFTT-20260324.pdf\" target=\"_blank\" rel=\"noopener\">R.O.I &#8211; Partie Administrative &#8211; 2026<\/a><\/p>\n<p><a href=\"https:\/\/bbw.aftt.be\/wp-content\/uploads\/2026\/03\/STATUTS-AFTT-version-AG-AFTT-24032026.pdf\" target=\"_blank\" rel=\"noopener\">Statuts &#8211; 2026<\/a><\/p>\n<p><a href=\"https:\/\/bbw.aftt.be\/wp-content\/uploads\/2026\/03\/Reglement-Disciplinaire-AFFTT-version-AG-24032026.pdf\" target=\"_blank\" rel=\"noopener\">R\u00e8glement disciplinaire &#8211; 2026<\/a><\/p>\n<h2>Comit\u00e9 Provincial Bruxelles \u2013 Brabant Wallon<\/h2>\n<p><a href=\"https:\/\/bbw.aftt.be\/wp-content\/uploads\/2025\/10\/ROI-provincial-2025-2026.pdf\" target=\"_blank\" rel=\"noopener\">ROI provincial 2025-2026<\/a><\/p>\n<p><a href=\"https:\/\/bbw.aftt.be\/wp-content\/uploads\/2025\/07\/Addendum-provincial-2025-2026.pdf\" target=\"_blank\" rel=\"noopener\">Addendum provincial 2025-2026<\/a><\/p>\n<p><a href=\"https:\/\/bbw.aftt.be\/wp-content\/uploads\/2020\/09\/RC3A8glement-Division-5-Jeunes.pdf\" target=\"_blank\" rel=\"noopener noreferrer\">R\u00e8glement-Division-5-Jeunes<\/a><\/p>\n<p>Dames: <a href=\"https:\/\/bbw.aftt.be\/wp-content\/uploads\/2023\/07\/Dames-Explications-mesures_2223.docx\" target=\"_blank\" rel=\"noopener\">Dames &#8211; Explications mesures_2223<\/a><\/p>\n<p>01\/10\/2014 : Rappel relatif \u00e0 la tenue du joueur et \u00e0 son mat\u00e9riel: les bermudas folkloriques sont interdits, un short de sport est seul autoris\u00e9.\u00a0Le rev\u00eatement de la palette doit s\u2019\u00e9tendre jusqu\u2019aux\u00a0bords de la palette, sans les d\u00e9passer.<\/p>\n\n\n<p><\/p>\n","protected":false},"excerpt":{"rendered":"<p>ITTF Les lois du tennis de table (en cours de r\u00e9vision en FR) F.R.B.T.T. R\u00e8glements Sportifs Nationaux 01 07 2025 R\u00e8glement d&rsquo;Ordre Int\u00e9rieur &#8211; Edition 2018 Statuts FRBTT 2018 Particularit\u00e9s li\u00e9es aux joueurs en chaise &#8211; 2015 Aile Francophone R.O.I &#8211; Partie Sportive &#8211; 2026 R.O.I &#8211; Partie Administrative &#8211; 2026 Statuts &#8211; 2026 R\u00e8glement disciplinaire &#8211; 2026 Comit\u00e9 Provincial<\/p>\n","protected":false},"author":1,"featured_media":0,"parent":8762,"menu_order":0,"comment_status":"closed","ping_status":"closed","template":"","meta":{"footnotes":""},"_links":{"self":[{"href":"https:\/\/bbw.aftt.be\/index.php\/wp-json\/wp\/v2\/pages\/36"}],"collection":[{"href":"https:\/\/bbw.aftt.be\/index.php\/wp-json\/wp\/v2\/pages"}],"about":[{"href":"https:\/\/bbw.aftt.be\/index.php\/wp-json\/wp\/v2\/types\/page"}],"author":[{"embeddable":true,"href":"https:\/\/bbw.aftt.be\/index.php\/wp-json\/wp\/v2\/users\/1"}],"replies":[{"embeddable":true,"href":"https:\/\/bbw.aftt.be\/index.php\/wp-json\/wp\/v2\/comments?post=36"}],"version-history":[{"count":129,"href":"https:\/\/bbw.aftt.be\/index.php\/wp-json\/wp\/v2\/pages\/36\/revisions"}],"predecessor-version":[{"id":17328,"href":"https:\/\/bbw.aftt.be\/index.php\/wp-json\/wp\/v2\/pages\/36\/revisions\/17328"}],"up":[{"embeddable":true,"href":"https:\/\/bbw.aftt.be\/index.php\/wp-json\/wp\/v2\/pages\/8762"}],"wp:attachment":[{"href":"https:\/\/bbw.aftt.be\/index.php\/wp-json\/wp\/v2\/media?parent=36"}],"curies":[{"name":"wp","href":"https:\/\/api.w.org\/{rel}","templated":true}]}}