{"id":83,"date":"2026-04-02T08:18:29","date_gmt":"2026-04-02T07:18:29","guid":{"rendered":"https:\/\/bbw.aftt.be\/?page_id=83"},"modified":"2026-04-09T19:04:07","modified_gmt":"2026-04-09T18:04:07","slug":"contoleamende","status":"publish","type":"page","link":"https:\/\/bbw.aftt.be\/index.php\/competition\/competitions\/contoleamende\/","title":{"rendered":"Contr\u00f4le\/Amende"},"content":{"rendered":"<p>Cette page d\u2019informations est principalement destin\u00e9e aux secr\u00e9taires de clubs qui pourront y retrouver les modifications de r\u00e9sultats cons\u00e9cutives au contr\u00f4le interclubs hebdomadaire. Ainsi que les amendes semaine par semaine.<\/p>\n<p>En cas de doute pour l\u2019une ou l\u2019autre, ou pour toute demande d&rsquo;info compl\u00e9mentaire n\u2019h\u00e9sitez pas \u00e0 contacter le secr\u00e9tariat provincial : nath.alexander14@gmail.com<\/p>\n<p><a href=\"https:\/\/bbw.aftt.be\/wp-content\/uploads\/2025\/07\/Amendes-Provinciales-2025-2026.pdf\">Amendes Provinciales 2025-2026<\/a><\/p>\n<table id=\"Table32\" style=\"width: 573px; height: 742px;\" border=\"0\">\n<tbody>\n<tr>\n<td>\n<p style=\"text-align: center;\"><strong>Contr\u00f4le Interclubs<\/strong><\/p>\n<\/td>\n<td style=\"text-align: center;\"><strong>Amendes Interclubs<\/strong><\/td>\n<\/tr>\n<tr style=\"height: 28px;\">\n<td style=\"width: 49.81%; height: 28px; text-align: center;\"><a href=\"https:\/\/bbw.aftt.be\/wp-content\/uploads\/2025\/09\/CI-SEMAINE-1.pdf\" target=\"_blank\" rel=\"noopener\">CI SEMAINE 1<\/a><\/td>\n<td style=\"width: 49.98%; height: 28px; text-align: center;\"><a href=\"https:\/\/bbw.aftt.be\/wp-content\/uploads\/2025\/09\/AMENDES-SEMAINE-1.pdf\" target=\"_blank\" rel=\"noopener\">AMENDES SEMAINE 1<\/a><\/td>\n<\/tr>\n<tr style=\"height: 28px;\">\n<td style=\"width: 49.81%; height: 28px; text-align: center;\"><a href=\"https:\/\/bbw.aftt.be\/wp-content\/uploads\/2025\/09\/CI-SEMAINE-2.pdf\" target=\"_blank\" rel=\"noopener\">CI SEMAINE 2<\/a><\/td>\n<td style=\"width: 49.98%; height: 28px; text-align: center;\"><a href=\"https:\/\/bbw.aftt.be\/wp-content\/uploads\/2025\/09\/AMENDES-SEMAINE-2.pdf\" target=\"_blank\" rel=\"noopener\">AMENDES SEMAINE 2<\/a><\/td>\n<\/tr>\n<tr style=\"height: 28px;\">\n<td style=\"width: 49.81%; height: 28px; text-align: center;\"><a href=\"https:\/\/bbw.aftt.be\/wp-content\/uploads\/2025\/10\/CI-SEMAINE-3.pdf\" target=\"_blank\" rel=\"noopener\">CI SEMAINE 3<\/a><\/td>\n<td style=\"width: 49.98%; height: 28px; text-align: center;\"><a href=\"https:\/\/bbw.aftt.be\/wp-content\/uploads\/2025\/10\/AMENDES-SEMAINE-3.pdf\" target=\"_blank\" rel=\"noopener\">AMENDES SEMAINE 3<\/a><\/td>\n<\/tr>\n<tr style=\"height: 28px;\">\n<td style=\"width: 49.81%; height: 28px; text-align: center;\"><a href=\"https:\/\/bbw.aftt.be\/wp-content\/uploads\/2025\/10\/CI-SEMAINE-4.pdf\" target=\"_blank\" rel=\"noopener\">CI SEMAINE 4<\/a><\/td>\n<td style=\"width: 49.98%; height: 28px; text-align: center;\"><a href=\"https:\/\/bbw.aftt.be\/wp-content\/uploads\/2025\/10\/AMENDES-SEMAINE-4.pdf\" target=\"_blank\" rel=\"noopener\">AMENDES SEMAINE 4<\/a><\/td>\n<\/tr>\n<tr style=\"height: 28px;\">\n<td style=\"width: 49.81%; height: 28px; text-align: center;\"><a href=\"https:\/\/bbw.aftt.be\/wp-content\/uploads\/2025\/10\/CI-SEMAINE-5.pdf\" target=\"_blank\" rel=\"noopener\">CI SEMAINE 5<\/a><\/td>\n<td style=\"width: 49.98%; height: 28px; text-align: center;\"><a href=\"https:\/\/bbw.aftt.be\/wp-content\/uploads\/2025\/10\/AMENDES-SEMAINE-5.pdf\" target=\"_blank\" rel=\"noopener\">AMENDES SEMAINE 5<\/a><\/td>\n<\/tr>\n<tr style=\"height: 28px;\">\n<td style=\"width: 49.81%; height: 28px; text-align: center;\"><a href=\"https:\/\/bbw.aftt.be\/wp-content\/uploads\/2025\/11\/CI-SEMAINE-6.pdf\" target=\"_blank\" rel=\"noopener\">CI SEMAINE 6<\/a><\/td>\n<td style=\"width: 49.98%; height: 28px; text-align: center;\"><a href=\"https:\/\/bbw.aftt.be\/wp-content\/uploads\/2025\/11\/AMENDES-SEMAINE-6.pdf\" target=\"_blank\" rel=\"noopener\">AMENDES SEMAINE 6<\/a><\/td>\n<\/tr>\n<tr style=\"height: 28px;\">\n<td style=\"width: 49.81%; height: 28px; text-align: center;\"><a href=\"https:\/\/bbw.aftt.be\/wp-content\/uploads\/2025\/11\/CI-SEMAINE-7.pdf\" target=\"_blank\" rel=\"noopener\">CI SEMAINE 7<\/a><\/td>\n<td style=\"width: 49.98%; height: 28px; text-align: center;\"><a href=\"https:\/\/bbw.aftt.be\/wp-content\/uploads\/2025\/11\/AMENDES-SEMAINE-7.pdf\" target=\"_blank\" rel=\"noopener\">AMENDES SEMAINE 7<\/a><\/td>\n<\/tr>\n<tr style=\"height: 28px;\">\n<td style=\"width: 49.81%; height: 28px; text-align: center;\"><a href=\"https:\/\/bbw.aftt.be\/wp-content\/uploads\/2025\/11\/CI-SEMAINE-8.pdf\" target=\"_blank\" rel=\"noopener\">CI SEMAINE 8<\/a><\/td>\n<td style=\"width: 49.98%; height: 28px; text-align: center;\"><a href=\"https:\/\/bbw.aftt.be\/wp-content\/uploads\/2025\/11\/AMENDES-SEMAINE-8.pdf\" target=\"_blank\" rel=\"noopener\">AMENDES SEMAINE 8<\/a><\/td>\n<\/tr>\n<tr style=\"height: 28px;\">\n<td style=\"width: 49.81%; height: 28px; text-align: center;\"><a href=\"https:\/\/bbw.aftt.be\/wp-content\/uploads\/2025\/11\/CI-SEMAINE-9.pdf\" target=\"_blank\" rel=\"noopener\">CI SEMAINE 9<\/a><\/td>\n<td style=\"width: 49.98%; height: 28px; text-align: center;\"><a href=\"https:\/\/bbw.aftt.be\/wp-content\/uploads\/2025\/11\/AMENDES-SEMAINE-9.pdf\" target=\"_blank\" rel=\"noopener\">AMENDES SEMAINE 9<\/a><\/td>\n<\/tr>\n<tr style=\"height: 28px;\">\n<td style=\"width: 49.81%; height: 28px; text-align: center;\"><a href=\"https:\/\/bbw.aftt.be\/wp-content\/uploads\/2025\/12\/CI-SEMAINE-10.pdf\" target=\"_blank\" rel=\"noopener\">CI SEMAINE 10<\/a><\/td>\n<td style=\"width: 49.98%; height: 28px; text-align: center;\"><a href=\"https:\/\/bbw.aftt.be\/wp-content\/uploads\/2025\/12\/AMENDES-SEMAINE-10.pdf\" target=\"_blank\" rel=\"noopener\">AMENDES SEMAINE 10<\/a><\/td>\n<\/tr>\n<tr style=\"height: 28px;\">\n<td style=\"width: 49.81%; height: 28px; text-align: center;\"><a href=\"https:\/\/bbw.aftt.be\/wp-content\/uploads\/2025\/12\/CI-SEMAINE-11.pdf\" target=\"_blank\" rel=\"noopener\">CI SEMAINE 11\u00a0<\/a><\/td>\n<td style=\"width: 49.98%; height: 28px; text-align: center;\"><a href=\"https:\/\/bbw.aftt.be\/wp-content\/uploads\/2025\/12\/AMENDES-SEMAINE-11.pdf\" target=\"_blank\" rel=\"noopener\">AMENDES SEMAINE 11<\/a><\/td>\n<\/tr>\n<tr style=\"height: 28px;\">\n<td style=\"width: 49.81%; height: 28px; text-align: center;\"><a href=\"https:\/\/bbw.aftt.be\/wp-content\/uploads\/2026\/01\/CI-SEMAINE-12.pdf\" target=\"_blank\" rel=\"noopener\">CI SEMAINE 12<\/a><\/td>\n<td style=\"width: 49.98%; height: 28px; text-align: center;\"><a href=\"https:\/\/bbw.aftt.be\/wp-content\/uploads\/2026\/01\/AMENDES-SEMAINE-12.pdf\" target=\"_blank\" rel=\"noopener\">AMENDES SEMAINE 12<\/a><\/td>\n<\/tr>\n<tr style=\"height: 28px;\">\n<td style=\"width: 49.81%; height: 28px; text-align: center;\"><a href=\"https:\/\/bbw.aftt.be\/wp-content\/uploads\/2026\/01\/CI-SEMAINE-13.pdf\" target=\"_blank\" rel=\"noopener\">CI SEMAINE 13<\/a><\/td>\n<td style=\"width: 49.98%; height: 28px; text-align: center;\"><a href=\"https:\/\/bbw.aftt.be\/wp-content\/uploads\/2026\/01\/AMENDES-SEMAINE-13.pdf\" target=\"_blank\" rel=\"noopener\">AMENDES SEMAINE 13<\/a><\/td>\n<\/tr>\n<tr style=\"height: 28px;\">\n<td style=\"width: 49.81%; height: 28px; text-align: center;\"><a href=\"https:\/\/bbw.aftt.be\/wp-content\/uploads\/2026\/01\/CI-SEMAINE-14.pdf\" target=\"_blank\" rel=\"noopener\">CI SEMAINE 14<\/a><\/td>\n<td style=\"width: 49.98%; height: 28px; text-align: center;\"><a href=\"https:\/\/bbw.aftt.be\/wp-content\/uploads\/2026\/01\/AMENDES-SEMAINE-14.pdf\" target=\"_blank\" rel=\"noopener\">AMENDES SEMAINE 14<\/a><\/td>\n<\/tr>\n<tr style=\"height: 28px;\">\n<td style=\"width: 49.81%; height: 28px; text-align: center;\"><a href=\"https:\/\/bbw.aftt.be\/wp-content\/uploads\/2026\/02\/CI-SEMAINE-15.pdf\" target=\"_blank\" rel=\"noopener\">CI SEMAINE 15<\/a><\/td>\n<td style=\"width: 49.98%; height: 28px; text-align: center;\"><a href=\"https:\/\/bbw.aftt.be\/wp-content\/uploads\/2026\/02\/AMENDES-SEMAINE-15.pdf\" target=\"_blank\" rel=\"noopener\">AMENDES SEMAINE 15<\/a><\/td>\n<\/tr>\n<tr style=\"height: 28px;\">\n<td style=\"width: 49.81%; height: 28px; text-align: center;\"><a href=\"https:\/\/bbw.aftt.be\/wp-content\/uploads\/2026\/02\/CI-SEMAINE-16.pdf\" target=\"_blank\" rel=\"noopener\">CI SEMAINE 16<\/a><\/td>\n<td style=\"width: 49.98%; height: 28px; text-align: center;\"><a href=\"https:\/\/bbw.aftt.be\/wp-content\/uploads\/2026\/02\/AMENDES-SEMAINE-16.pdf\" target=\"_blank\" rel=\"noopener\">AMENDES SEMAINE 16<\/a><\/td>\n<\/tr>\n<tr style=\"height: 28px;\">\n<td style=\"width: 49.81%; height: 28px; text-align: center;\">XXX<\/td>\n<td style=\"width: 49.98%; height: 28px; text-align: center;\">XXX<\/td>\n<\/tr>\n<tr style=\"height: 28px;\">\n<td style=\"width: 49.81%; height: 28px; text-align: center;\"><a href=\"https:\/\/bbw.aftt.be\/wp-content\/uploads\/2026\/03\/CI-SEMAINE-18.pdf\" target=\"_blank\" rel=\"noopener\">CI SEMAINE 18<\/a><\/td>\n<td style=\"width: 49.98%; height: 28px; text-align: center;\"><a href=\"https:\/\/bbw.aftt.be\/wp-content\/uploads\/2026\/03\/AMENDES-SEMAINE-18.pdf\" target=\"_blank\" rel=\"noopener\">AMENDES SEMAINE 18<\/a><\/td>\n<\/tr>\n<tr style=\"height: 28px;\">\n<td style=\"width: 49.81%; height: 28px; text-align: center;\"><a href=\"https:\/\/bbw.aftt.be\/wp-content\/uploads\/2026\/04\/CI-SEMAINE-19.pdf\" target=\"_blank\" rel=\"noopener\">CI SEMAINE 19<\/a><\/td>\n<td style=\"width: 49.98%; height: 28px; text-align: center;\"><a href=\"https:\/\/bbw.aftt.be\/wp-content\/uploads\/2026\/04\/AMENDES-SEMAINE-19.pdf\" target=\"_blank\" rel=\"noopener\">AMENDES SEMAINE 19<\/a><\/td>\n<\/tr>\n<tr style=\"height: 28px;\">\n<td style=\"width: 49.81%; height: 28px; text-align: center;\"><a href=\"https:\/\/bbw.aftt.be\/wp-content\/uploads\/2026\/04\/CI-SEMAINE-20.pdf\" target=\"_blank\" rel=\"noopener\">CI SEMAINE 20<\/a><\/td>\n<td style=\"width: 49.98%; height: 28px; text-align: center;\"><a href=\"https:\/\/bbw.aftt.be\/wp-content\/uploads\/2026\/04\/AMENDES-SEMAINE-20.pdf\" target=\"_blank\" rel=\"noopener\">AMENDES SEMAINE 20<\/a><\/td>\n<\/tr>\n<tr style=\"height: 28px;\">\n<td style=\"width: 49.81%; height: 28px; text-align: center;\">CI SEMAINE 21<\/td>\n<td style=\"width: 49.98%; height: 28px; text-align: center;\">AMENDES SEMAINE 21<\/td>\n<\/tr>\n<tr style=\"height: 28px;\">\n<td style=\"width: 49.81%; height: 28px; text-align: center;\">XXX<\/td>\n<td style=\"width: 49.98%; height: 28px; text-align: center;\">XXX<\/td>\n<\/tr>\n<\/tbody>\n<\/table>\n\n\n<p><\/p>\n","protected":false},"excerpt":{"rendered":"<p>Cette page d\u2019informations est principalement destin\u00e9e aux secr\u00e9taires de clubs qui pourront y retrouver les modifications de r\u00e9sultats cons\u00e9cutives au contr\u00f4le interclubs hebdomadaire. Ainsi que les amendes semaine par semaine. En cas de doute pour l\u2019une ou l\u2019autre, ou pour toute demande d&rsquo;info compl\u00e9mentaire n\u2019h\u00e9sitez pas \u00e0 contacter le secr\u00e9tariat provincial : nath.alexander14@gmail.com Amendes Provinciales 2025-2026 Contr\u00f4le Interclubs Amendes Interclubs<\/p>\n","protected":false},"author":1,"featured_media":0,"parent":86,"menu_order":0,"comment_status":"closed","ping_status":"closed","template":"","meta":{"footnotes":""},"_links":{"self":[{"href":"https:\/\/bbw.aftt.be\/index.php\/wp-json\/wp\/v2\/pages\/83"}],"collection":[{"href":"https:\/\/bbw.aftt.be\/index.php\/wp-json\/wp\/v2\/pages"}],"about":[{"href":"https:\/\/bbw.aftt.be\/index.php\/wp-json\/wp\/v2\/types\/page"}],"author":[{"embeddable":true,"href":"https:\/\/bbw.aftt.be\/index.php\/wp-json\/wp\/v2\/users\/1"}],"replies":[{"embeddable":true,"href":"https:\/\/bbw.aftt.be\/index.php\/wp-json\/wp\/v2\/comments?post=83"}],"version-history":[{"count":286,"href":"https:\/\/bbw.aftt.be\/index.php\/wp-json\/wp\/v2\/pages\/83\/revisions"}],"predecessor-version":[{"id":17364,"href":"https:\/\/bbw.aftt.be\/index.php\/wp-json\/wp\/v2\/pages\/83\/revisions\/17364"}],"up":[{"embeddable":true,"href":"https:\/\/bbw.aftt.be\/index.php\/wp-json\/wp\/v2\/pages\/86"}],"wp:attachment":[{"href":"https:\/\/bbw.aftt.be\/index.php\/wp-json\/wp\/v2\/media?parent=83"}],"curies":[{"name":"wp","href":"https:\/\/api.w.org\/{rel}","templated":true}]}}