{"id":8762,"date":"2019-05-05T15:09:18","date_gmt":"2019-05-05T14:09:18","guid":{"rendered":"https:\/\/bbw.aftt.be\/?page_id=8762"},"modified":"2025-12-26T15:19:26","modified_gmt":"2025-12-26T14:19:26","slug":"provincial","status":"publish","type":"page","link":"https:\/\/bbw.aftt.be\/index.php\/secretariat\/provincial\/","title":{"rendered":"Provincial"},"content":{"rendered":"\n<h2 class=\"wp-block-heading\">SECRETARIAT PROVINCIAL<\/h2>\n\n\n<div class=\"wp-block-image\">\n<figure class=\"aligncenter size-full is-resized\"><img loading=\"lazy\" decoding=\"async\" width=\"256\" height=\"342\" src=\"https:\/\/bbw.aftt.be\/wp-content\/uploads\/2023\/06\/Nath.jpg\" alt=\"\" class=\"wp-image-14395\" style=\"width:-11px;height:-14px\" srcset=\"https:\/\/bbw.aftt.be\/wp-content\/uploads\/2023\/06\/Nath.jpg 256w, https:\/\/bbw.aftt.be\/wp-content\/uploads\/2023\/06\/Nath-225x300.jpg 225w\" sizes=\"(max-width: 256px) 100vw, 256px\" \/><\/figure><\/div>\n\n\n<p class=\"has-text-align-center\">ALEXANDER Nathalie<br>Rue Audrey Hepburn, 10\/7 &#8211; 1090 Bruxelles<br>GSM : 0477 \/ 35.83.46<br>e-mail :&nbsp;<a href=\"mailto:nath.alexander14@gmail.com\">nath.alexander14@gmail.com<\/a><br><\/p>\n\n\n\n<h2 class=\"wp-block-heading\">Liste des documents concernant notre province<\/h2>\n\n\n\n<h3 class=\"wp-block-heading\">Affiliations et documents divers<\/h3>\n\n\n<ul>\n<li><a href=\"https:\/\/bbw.aftt.be\/wp-content\/uploads\/2025\/10\/Document-publicitaire-2025-2026.pdf\" target=\"_blank\" rel=\"noopener\">Document publicitaire 2025-2026<\/a><\/li>\n<li><a href=\"https:\/\/bbw.aftt.be\/wp-content\/uploads\/2025\/08\/Clubs-BBW-2025-2026.pdf\" target=\"_blank\" rel=\"noopener\">Clubs 2025-2026<\/a><\/li>\n<li><a href=\"https:\/\/bbw.aftt.be\/wp-content\/uploads\/2025\/07\/Affiliation-2025-2026.pdf\" target=\"_blank\" rel=\"noopener\">Document d&rsquo;affiliation 2025-2026<\/a><\/li>\n<li><a href=\"https:\/\/bbw.aftt.be\/wp-content\/uploads\/2020\/08\/Re\u0301capitulatif-des-statuts-daffiliation-2019-2020.pdf\">R\u00e9capitulatif des statuts d&rsquo;affiliation<\/a><\/li>\n<li><a href=\"https:\/\/bbw.aftt.be\/wp-content\/uploads\/2014\/02\/Mutation-pour-raison-sportive.pdf\" target=\"_blank\" rel=\"noopener\">Mutation pour raison sportive<\/a><\/li>\n<\/ul>\n\n\n<h3 class=\"wp-block-heading\">Tr\u00e9sorerie<\/h3>\n\n\n\n<ul>\n<li><a href=\"https:\/\/bbw.aftt.be\/wp-content\/uploads\/2024\/07\/Amendes-Provinciales-2024-2025.pdf\" target=\"_blank\" rel=\"noreferrer noopener\">Amendes provinciales 2025-2026<\/a><\/li>\n\n\n\n<li><a href=\"https:\/\/bbw.aftt.be\/wp-content\/uploads\/2023\/07\/Amendes-en-tournoi.pdf\" target=\"_blank\" rel=\"noreferrer noopener\">Amendes Tournois &#8211; infos<\/a><\/li>\n<\/ul>\n\n\n\n<h3 class=\"wp-block-heading\">Calendrier<\/h3>\n\n\n\n<ul>\n<li><a href=\"https:\/\/bbw.aftt.be\/wp-content\/uploads\/2025\/12\/CALENDRIER-GENERAL-SAISON-2025-2026.pdf\">Calendrier saison 2025-2026<\/a><\/li>\n<\/ul>\n\n\n\n<ul>\n<li><strong><em>Comme les semaines ne correspondent pas entre l\u2019interclubs provincial BBW et les interclubs national et r\u00e9gional, ce sont bien s\u00fbr les semaines physiques et pas les num\u00e9ros de semaine qui seront pris en compte pour le contr\u00f4le interclubs et respect des r\u00e8gles de liste de force. Et s\u2019il le faut au niveau technique, les num\u00e9ros de semaine seront align\u00e9s sur les interclubs national et r\u00e9gional en supprimant les semaines 6, 11, 17 et 22 de l\u2019interclubs provincial BBW<\/em><\/strong><\/li>\n<\/ul>\n\n\n\n<h3 class=\"wp-block-heading\">Labellisation<\/h3>\n\n\n\n<ul>\n<li>R\u00e8glementation Labellisation &#8211; Voir Espace Personnel Club<\/li>\n\n\n\n<li>Formulaire d&rsquo;inscription labellisation &#8211; Voir Espace Personnel Club<\/li>\n<\/ul>\n\n\n\n<h3 class=\"wp-block-heading\">Classements<\/h3>\n\n\n\n<ul>\n<li>Modifications \u00e0 la mi-saison &#8211; Voir site AFTT<\/li>\n\n\n\n<li>R\u00e9clamations Classements fin de saison &#8211; Voir site AFTT<\/li>\n<\/ul>\n\n\n\n<h3 class=\"wp-block-heading\">Palmares<\/h3>\n\n\n\n<div class=\"wp-block-file\"><a id=\"wp-block-file--media-20351ee9-494c-4423-8412-7c2f3eba8cc2\" href=\"https:\/\/bbw.aftt.be\/wp-content\/uploads\/2014\/02\/PALMARES-2012-2013.pdf\" target=\"_blank\" rel=\"noreferrer noopener\">PALMARES-2012-2013<\/a><a href=\"https:\/\/bbw.aftt.be\/wp-content\/uploads\/2014\/02\/PALMARES-2012-2013.pdf\" class=\"wp-block-file__button wp-element-button\" download aria-describedby=\"wp-block-file--media-20351ee9-494c-4423-8412-7c2f3eba8cc2\">T\u00e9l\u00e9charger<\/a><\/div>\n\n\n\n<div class=\"wp-block-file\"><a id=\"wp-block-file--media-4749d78c-6c91-4fab-a640-0a174900a10b\" href=\"https:\/\/bbw.aftt.be\/wp-content\/uploads\/2014\/02\/PALMARES-2013-2014.pdf\" target=\"_blank\" rel=\"noreferrer noopener\">PALMARES-2013-2014<\/a><a href=\"https:\/\/bbw.aftt.be\/wp-content\/uploads\/2014\/02\/PALMARES-2013-2014.pdf\" class=\"wp-block-file__button wp-element-button\" download aria-describedby=\"wp-block-file--media-4749d78c-6c91-4fab-a640-0a174900a10b\">T\u00e9l\u00e9charger<\/a><\/div>\n\n\n\n<div class=\"wp-block-file\"><a id=\"wp-block-file--media-89521bee-7193-41f4-b3b9-007087c28eda\" href=\"https:\/\/bbw.aftt.be\/wp-content\/uploads\/2015\/04\/PALMARES-2014-2015.pdf\" target=\"_blank\" rel=\"noreferrer noopener\">PALMARES 2014-2015<\/a><a href=\"https:\/\/bbw.aftt.be\/wp-content\/uploads\/2015\/04\/PALMARES-2014-2015.pdf\" class=\"wp-block-file__button wp-element-button\" download aria-describedby=\"wp-block-file--media-89521bee-7193-41f4-b3b9-007087c28eda\">T\u00e9l\u00e9charger<\/a><\/div>\n\n\n\n<div class=\"wp-block-file\"><a id=\"wp-block-file--media-cd3861ca-485b-4c87-a5d3-2a4c63282dde\" href=\"https:\/\/bbw.aftt.be\/wp-content\/uploads\/2016\/09\/PALMARES-2015-2016.pdf\" target=\"_blank\" rel=\"noreferrer noopener\">PALMARES 2015-2016<\/a><a href=\"https:\/\/bbw.aftt.be\/wp-content\/uploads\/2016\/09\/PALMARES-2015-2016.pdf\" class=\"wp-block-file__button wp-element-button\" download aria-describedby=\"wp-block-file--media-cd3861ca-485b-4c87-a5d3-2a4c63282dde\">T\u00e9l\u00e9charger<\/a><\/div>\n\n\n\n<div class=\"wp-block-file\"><a id=\"wp-block-file--media-978b5a7a-e85a-4d11-af5f-856f78fea95c\" href=\"https:\/\/bbw.aftt.be\/wp-content\/uploads\/2017\/04\/PALMARES-2016-2017.pdf\" target=\"_blank\" rel=\"noreferrer noopener\">PALMARES 2016-2017<\/a><a href=\"https:\/\/bbw.aftt.be\/wp-content\/uploads\/2017\/04\/PALMARES-2016-2017.pdf\" class=\"wp-block-file__button wp-element-button\" download aria-describedby=\"wp-block-file--media-978b5a7a-e85a-4d11-af5f-856f78fea95c\">T\u00e9l\u00e9charger<\/a><\/div>\n\n\n\n<div class=\"wp-block-file\"><a id=\"wp-block-file--media-a8a3c98a-f5e8-4f35-8173-59cc0e781683\" href=\"https:\/\/bbw.aftt.be\/wp-content\/uploads\/2018\/05\/PALMARES-2017-2018.pdf\" target=\"_blank\" rel=\"noreferrer noopener\">PALMARES 2017-2018<\/a><a href=\"https:\/\/bbw.aftt.be\/wp-content\/uploads\/2018\/05\/PALMARES-2017-2018.pdf\" class=\"wp-block-file__button wp-element-button\" download aria-describedby=\"wp-block-file--media-a8a3c98a-f5e8-4f35-8173-59cc0e781683\">T\u00e9l\u00e9charger<\/a><\/div>\n\n\n\n<div class=\"wp-block-file\"><a id=\"wp-block-file--media-ef918a9d-eefa-4a1a-9981-692a7f393196\" href=\"https:\/\/bbw.aftt.be\/wp-content\/uploads\/2019\/10\/PALMARES-2018-2019.cleaned.pdf\" target=\"_blank\" rel=\"noreferrer noopener\">PALMARES 2018-2019<\/a><a href=\"https:\/\/bbw.aftt.be\/wp-content\/uploads\/2019\/10\/PALMARES-2018-2019.cleaned.pdf\" class=\"wp-block-file__button wp-element-button\" download aria-describedby=\"wp-block-file--media-ef918a9d-eefa-4a1a-9981-692a7f393196\">T\u00e9l\u00e9charger<\/a><\/div>\n\n\n\n<div class=\"wp-block-file\"><a id=\"wp-block-file--media-c676b5d7-558d-4c28-84a5-146f999aaca2\" href=\"https:\/\/bbw.aftt.be\/wp-content\/uploads\/2020\/05\/PALMARES-2019-2020.pdf\" target=\"_blank\" rel=\"noreferrer noopener\">PALMARES 2019-2020<\/a><a href=\"https:\/\/bbw.aftt.be\/wp-content\/uploads\/2020\/05\/PALMARES-2019-2020.pdf\" class=\"wp-block-file__button wp-element-button\" download aria-describedby=\"wp-block-file--media-c676b5d7-558d-4c28-84a5-146f999aaca2\">T\u00e9l\u00e9charger<\/a><\/div>\n\n\n\n<p><a rel=\"noreferrer noopener\" href=\"https:\/\/bbw.aftt.be\/wp-content\/uploads\/2022\/06\/PALMARES-2021-2022.pdf\" target=\"_blank\">PALMARES 2021-2022 <\/a><\/p>\n\n\n\n<p><a rel=\"noreferrer noopener\" href=\"https:\/\/bbw.aftt.be\/wp-content\/uploads\/2023\/06\/PALMARES-2022-2023.pdf\" target=\"_blank\">PALMARES 2022-2023<\/a><\/p>\n\n\n\n<p><a href=\"https:\/\/bbw.aftt.be\/wp-content\/uploads\/2024\/05\/PALMARES-2023-2024.pdf\" target=\"_blank\" rel=\"noreferrer noopener\">PALMARES 2023-2024<\/a><\/p>\n\n\n\n<p><a href=\"https:\/\/bbw.aftt.be\/wp-content\/uploads\/2025\/05\/PALMARES-2024-2025.pdf\" target=\"_blank\" rel=\"noreferrer noopener\">PALMARES 2024-2025<\/a><\/p>\n\n\n\n<h3 class=\"wp-block-heading\">Nouveaux Clubs<\/h3>\n\n\n\n<ul>\n<li>Dossier nouveaux clubs (en cours de mise \u00e0 jour)<\/li>\n<\/ul>\n\n\n\n<h2 class=\"wp-block-heading\"><\/h2>\n\n\n\n<p><\/p>\n","protected":false},"excerpt":{"rendered":"<p>SECRETARIAT PROVINCIAL ALEXANDER NathalieRue Audrey Hepburn, 10\/7 &#8211; 1090 BruxellesGSM : 0477 \/ 35.83.46e-mail :&nbsp;nath.alexander14@gmail.com Liste des documents concernant notre province Affiliations et documents divers Document publicitaire 2025-2026 Clubs 2025-2026 Document d&rsquo;affiliation 2025-2026 R\u00e9capitulatif des statuts d&rsquo;affiliation Mutation pour raison sportive Tr\u00e9sorerie Calendrier Labellisation Classements Palmares PALMARES 2021-2022 PALMARES 2022-2023 PALMARES 2023-2024 PALMARES 2024-2025 Nouveaux Clubs<\/p>\n","protected":false},"author":2,"featured_media":0,"parent":28,"menu_order":0,"comment_status":"closed","ping_status":"closed","template":"","meta":{"footnotes":""},"_links":{"self":[{"href":"https:\/\/bbw.aftt.be\/index.php\/wp-json\/wp\/v2\/pages\/8762"}],"collection":[{"href":"https:\/\/bbw.aftt.be\/index.php\/wp-json\/wp\/v2\/pages"}],"about":[{"href":"https:\/\/bbw.aftt.be\/index.php\/wp-json\/wp\/v2\/types\/page"}],"author":[{"embeddable":true,"href":"https:\/\/bbw.aftt.be\/index.php\/wp-json\/wp\/v2\/users\/2"}],"replies":[{"embeddable":true,"href":"https:\/\/bbw.aftt.be\/index.php\/wp-json\/wp\/v2\/comments?post=8762"}],"version-history":[{"count":146,"href":"https:\/\/bbw.aftt.be\/index.php\/wp-json\/wp\/v2\/pages\/8762\/revisions"}],"predecessor-version":[{"id":16875,"href":"https:\/\/bbw.aftt.be\/index.php\/wp-json\/wp\/v2\/pages\/8762\/revisions\/16875"}],"up":[{"embeddable":true,"href":"https:\/\/bbw.aftt.be\/index.php\/wp-json\/wp\/v2\/pages\/28"}],"wp:attachment":[{"href":"https:\/\/bbw.aftt.be\/index.php\/wp-json\/wp\/v2\/media?parent=8762"}],"curies":[{"name":"wp","href":"https:\/\/api.w.org\/{rel}","templated":true}]}}